r of 20 and o?
20
Suppose u + 129 = 41. Let o be u/(-6)*((-33)/2)/(-11). Calculate the greatest common factor of 198 and o.
22
Let s = 23 + -20. Suppose 130 = -s*k + 8*k. What is the highest common divisor of k and 65?
13
Suppose 40 = 6*t - 4*t. Let b(i) = i**3 + 6*i**2 + 5*i + 3. Let c be b(-5). Let l be ((-4)/c)/(t/(-150)). What is the greatest common factor of 60 and l?
10
Let n be (-1)/(886/(-442) + (-94)/(-47)). Calculate the greatest common factor of 52 and n.
13
Suppose -4*y + 284 = 5*d, -4*y + 94 + 178 = 2*d. What is the highest common factor of 825 and y?
33
Let z(i) = -i**3 - 4*i**2 + 5*i + 7. Let g be z(-5). Let s = 17 + g. Let r be (s + 0)*(-18)/(-24). Calculate the greatest common divisor of r and 180.
18
Let y(c) = -c**3 + 6*c**2 + 25*c + 122. Let r be y(-5). Calculate the highest common divisor of r and 51.
17
Let s(w) = 2*w**2 + w + 3. Suppose -15 = -4*k - k. Let j be s(k). Calculate the greatest common factor of j and 24.
24
Let z = -71 - -143. What is the greatest common factor of 324 and z?
36
Let v be (-78)/18 + 6 + 525/9. What is the highest common divisor of 540 and v?
60
Let c = -41 + 90. Suppose -4*j - c = -3*h, h - 3*h + 2*j = -34. What is the greatest common divisor of 171 and h?
19
Let p be 10/((-2)/(-40)*2). Suppose -2*m + 232 = 4*g, 0 = m - 4*g + 2*g - p. What is the greatest common divisor of m and 12?
12
Let d(f) = 19*f + 22. Let t(j) = 57*j + 67. Let y(s) = 11*d(s) - 4*t(s). Let o be y(-14). Calculate the greatest common divisor of o and 30.
30
Let t(k) = 5*k - 33. Let r be t(7). Let z be (0 - 4 - -126) + r. Calculate the highest common factor of z and 62.
62
Let m(l) = 3*l + 84. Let r be m(27). Suppose 10*d - r = -45. Let j = 0 + 12. What is the highest common divisor of j and d?
12
Let a(q) = -4187*q - 27. Let o be a(-1). What is the highest common factor of o and 52?
52
Let z = 17 - -16. Suppose -3*d + 13 = -d + 3*t, -3*t = 5*d - 28. Suppose 0 = -3*k - 2*w - w + 12, -2*w = k - d. What is the greatest common divisor of k and z?
3
Let f = 4 - 9. Let x = f - -12. Let y = x - 3. Calculate the highest common factor of 12 and y.
4
Let h(d) = -10*d - 59. Let c be h(-8). Calculate the greatest common factor of 63 and c.
21
Suppose 0 = -6*n + 8*n - 2, -5*u + 917 = 7*n. What is the highest common factor of u and 238?
14
Let i(l) = l + 13. Let y be i(-11). Suppose -n + 6 = 5*p - 2, -5*n = y*p - 86. Let j be (-4)/(-6)*(2 - -214). Calculate the highest common divisor of j and n.
18
Suppose -r + 15 = -0*r. Let k(m) = -m**3 - 3*m**2 + 2*m - 4. Let u be k(-5). Let d be (10/6)/(1/u). What is the highest common factor of r and d?
15
Let r be 12/((-12)/(-4)) - 3. Let h be 3/(-5)*r*-10. Calculate the highest common factor of h and 3.
3
Suppose -149*q + 177 = -146*q. Calculate the highest common factor of q and 767.
59
Suppose h - 20 = -16. Suppose -h*f = 4*w - w - 147, -2*f = -4*w + 174. Calculate the greatest common divisor of w and 30.
15
Let c = 2 - -8. Let k(y) = -y**2 - 8*y - 4. Let f be k(-7). Suppose 5*a + 6 = 3*u, 3*u = 8*u - f*a - 10. What is the greatest common divisor of u and c?
2
Let c = -9 + 18. Let s be 2/(-8) + (-10)/(-8). Let b be (s*(-3 - -2))/(-1). Calculate the greatest common factor of b and c.
1
Suppose -16*d + 64 = -0*d. Suppose -279 = -4*g - 3*b, g + 3*g - 259 = b. Suppose -d*i = 2 - g. What is the greatest common factor of i and 144?
16
Let g(d) = 94*d + 41. Let h be g(0). Calculate the greatest common divisor of h and 943.
41
Suppose -2*g = h - 15 - 9, -2*h = -3*g - 62. Let p = h + -18. Suppose -7 = x - p. What is the greatest common divisor of x and 27?
3
Suppose -673 = -7*k + 895. Let m = 178 - 150. What is the greatest common divisor of m and k?
28
Suppose 2202 = 27*c - 10866. What is the greatest common factor of 44 and c?
44
Let k be (-324)/(-42) - (-3)/(63/6). Calculate the highest common factor of k and 8.
8
Let t = 36 - 8. Let i be (-1 - (-1 - 0))/(-2). Suppose 0*k + k - 42 = i. What is the highest common factor of k and t?
14
Let y = 643 - 627. Calculate the highest common factor of y and 7.
1
Let c be -74 + 0 + -3 + 0. Let y be (-11)/c - 1276/14. Let i = 135 + y. What is the highest common divisor of 11 and i?
11
Suppose 3*k + 0*k - 72 = 0. Let m = 94 - k. Calculate the greatest common divisor of m and 14.
14
Suppose -6*m + 4*r + 71 - 9 = 0, 5*r = 3*m - 55. Let y be 313/7 + (-4)/(-14). What is the highest common factor of y and m?
5
Let n = -305 - -307. What is the greatest common factor of n and 190?
2
Let q(k) = k + 13. Suppose 0 = -20*o + 21*o. Let s be q(o). What is the greatest common factor of 13 and s?
13
Let n be (-1)/5 + (-1386)/(-30). Suppose 14*l - 18*l = -92. Calculate the greatest common factor of n and l.
23
Suppose 15 = 32*n - 37*n. Let m be n/4 + 78/8. What is the greatest common factor of m and 6?
3
Let n(z) = -z**3 + 7*z**2 - 5*z - 6. Let w be n(6). Suppose w = 7*i - 150 + 52. Calculate the greatest common factor of i and 2.
2
Suppose -c - 4*r + 30 = 0, -5*r - 18 - 3 = -2*c. Suppose -15 = t - c. What is the greatest common divisor of t and 15?
3
Let m(d) = -11*d. Let r be m(3). Let s be (-154)/r + (-2)/(-6). Calculate the highest common divisor of s and 20.
5
Let r = -22 - 6. Let y = 32 + r. Suppose 86 = y*a + 2*k, 125 = 5*a + 2*k + 15. Calculate the highest common divisor of a and 8.
8
Suppose -2*u + 90 = -2*c, -5*u + c = -207 + 2. Suppose -3*l = u - 265. What is the highest common divisor of l and 15?
15
Let j(i) = i**2 - 4*i + 15. Let v be j(4). Suppose -3*b + 197 = -28. What is the greatest common divisor of b and v?
15
Suppose 2*k = -6, 294 = 3*f + 4*k - 54. Let m be ((-12)/(-10))/(3 - 342/f). Let i = 44 - 28. Calculate the highest common factor of m and i.
8
Let b be 228/4*((-8)/3)/4. Let j = 86 + b. What is the highest common factor of 72 and j?
24
Suppose 3*t = 7*t - 132. Let u = -6 + t. What is the highest common divisor of u and 3?
3
Let j = -1 - -4. Let h(t) = 5*t - 32. Let s be h(7). What is the greatest common factor of s and j?
3
Let c(q) = q**3 + q**2 + 360. Let p be c(0). Suppose 25*b - p = 21*b. What is the greatest common divisor of b and 10?
10
Let h = 240 + -45. What is the highest common divisor of h and 15?
15
Let f = 47 - 44. Suppose f*b = 3*s - 0*b - 159, s + b = 57. What is the highest common divisor of s and 11?
11
Let g(a) = 156*a + 144. Let r be g(6). Suppose 15*t - r = -3*t. Let m = 70 - 46. What is the greatest common factor of m and t?
12
Let f(b) = -2*b**2 + 18*b + 3. Let y be f(9). Let g = 41 - -16. Let j = g - 30. Calculate the greatest common divisor of j and y.
3
Let a be 8/3*18/(-3). Suppose -8*i = 3*i - 110. Let w = i - a. What is the greatest common divisor of w and 234?
26
Suppose 5*u - 2*k = u + 206, -3*u + 177 = 3*k. What is the greatest common factor of u and 120?
6
Let t(d) = -d**2 + 3*d + 5. Let l be t(-2). Let f be (-12)/(l - (-6 - -2)). Let m be 24/9*f/8. What is the greatest common factor of 28 and m?
4
Suppose -13*s + 796 - 81 = 0. What is the greatest common divisor of s and 99?
11
Suppose -18*c - 506 = -20*c - 5*b, -2*b + 770 = 3*c. What is the greatest common factor of 559 and c?
43
Let c(x) = -x**3 - 9*x**2 + 6*x - 4. Let r be c(-10). Suppose -5*i = -r - 24. Let m = -23 + 41. What is the greatest common factor of m and i?
6
Suppose 4*y - 16 = -40. Let v be (0 - (-10)/6)*-24. Let s be (-63)/(-14)*v/y. What is the greatest common factor of 330 and s?
30
Suppose a + 46 = -k + 4*a, 15 = 3*a. Let h = k + 35. Calculate the highest common divisor of h and 6.
2
Suppose 2*x = 7 - 1. Let c be (-168)/16*(-4)/x. Let p = c + -5. What is the greatest common factor of p and 36?
9
Let y(u) = 35*u**2 + 6*u - 6. Let s be y(1). Calculate the highest common divisor of s and 455.
35
Let a be -300*30*4*(-2)/64. What is the greatest common divisor of a and 45?
45
Let o = 12 - 1. Suppose 15*p - 48 = o*p. Suppose 324 = 3*b - 0*b. What is the highest common divisor of b and p?
12
Let w = -131 + 195. What is the greatest common factor of w and 48?
16
Suppose 4*v + 20 = 0, -13*v - 413 = -2*o - 12*v. Calculate the highest common factor of o and 36.
12
Let g = 40 - 59. Let m = g + 30. Let s be 1190/110 + (-4)/(-22). What is the highest common divisor of s and m?
11
Let w be (-49)/(-14)*-18*(-24)/14. Let v be 3/(-1) - (8 - -3). Let s = 26 + v. What 